 = -23 - d. List the prime factors of t.
5
Let a = -563 + 2114. List the prime factors of a.
3, 11, 47
Suppose -2*m + 278 = 4*j, -142 = 5*j - 4*m - 470. List the prime factors of (j/(-16))/((-1)/4).
17
List the prime factors of (-41360739)/(-1463) - ((-14)/49 + (-36)/(-77)).
17, 1663
Suppose 0 = -63*h - 34*h + 408273. What are the prime factors of h?
3, 23, 61
Suppose -32 = -2*u - 22. Let n = 123 - u. What are the prime factors of n?
2, 59
Suppose -13*p = 4*p - 68. Suppose 4*r + 625 = 5*g - 1857, 1994 = p*g + r. List the prime factors of g.
2, 3, 83
Let r(b) = b. Let k(q) = 6*q - 21. Let h(d) = 3*k(d) - 9*r(d). List the prime factors of h(9).
2, 3
Let z = -18 - -22. Suppose 244 = 4*l + 4*g, -9*l + z*l + 5*g + 325 = 0. Suppose -y + 80 - l = 0. List the prime factors of y.
17
Let n(u) = 63*u + 247. What are the prime factors of n(56)?
5, 151
Let n = -396 + 396. Suppose n = p - 205 - 799. List the prime factors of p.
2, 251
Let g(z) = 4*z**2 + 18*z + 5. Let f be g(-5). Suppose -16*q + f*q + 292 = 0. List the prime factors of q.
2, 73
Let k(a) = -727*a - 1892. What are the prime factors of k(-13)?
7559
Let m be 33/132 - (-14)/8. Suppose -m*s - 5*b = -3*s + 868, -3*s + 2582 = -4*b. What are the prime factors of s?
2, 3, 11, 13
Suppose -2007640 = 231*v - 5512156 - 5486235. List the prime factors of v.
38921
Let j be -270*6*(36/8)/(-9). Let l = -320 + j. List the prime factors of l.
2, 5, 7
Suppose 12822 = 3*o + 3*i, 1040 = o - 3*i - 3250. What are the prime factors of o?
2, 3, 23, 31
Suppose i - 169*m = -172*m + 5697, 0 = -5*m + 15. What are the prime factors of i?
2, 3, 79
Let j(s) = -2016*s + 6031. List the prime factors of j(-19).
5, 8867
What are the prime factors of (1215/(-54))/(-1 - 3610/(-3616))?
2, 3, 5, 113
Suppose 5*k - 4 = 4*s - 36, -4*k + 3*s - 25 = 0. Let a(x) = x. Let o(p) = 2*p + 1. Let r(i) = 5*a(i) - 4*o(i). List the prime factors of r(k).
2
Let t(o) = -26*o - 389. Let v be t(0). Let n = v - -1501. List the prime factors of n.
2, 139
Let d = 256 + 4775. List the prime factors of d.
3, 13, 43
Let p(u) = -548*u + 2025. List the prime factors of p(-4).
4217
Let q(m) = m**3 + 2*m**2 + 3*m - 3. Let n be q(0). What are the prime factors of (22/77)/(n/(-2226))?
2, 53
Let w(g) = 26*g**2 - g - 3. Let u be w(-7). Suppose 4*b - 846 = u. List the prime factors of b.
3, 59
Let i = 4395 - 3341. What are the prime factors of i?
2, 17, 31
Suppose 1250*v = 1255*v - m - 49449, 0 = 2*v - 4*m - 19794. What are the prime factors of v?
11, 29, 31
What are the prime factors of (43 - 45)/((-2)/8149)?
29, 281
Let n(c) = 5203*c - 10159. List the prime factors of n(15).
2, 7, 13, 373
Let t be 4/((-130)/(-21) - 6). Let u(y) = 2*y**2 - 20*y - 9. List the prime factors of u(t).
3, 151
Let g(m) = -m**3 + 43*m**2 - 79*m - 40. List the prime factors of g(39).
2963
Let t = -138 - -84. Let j be (-12)/30 + t/15. List the prime factors of (4/6)/(j/(-720)*5).
2, 3
Suppose 11716 = -711*z + 713*z. List the prime factors of z.
2, 29, 101
Suppose 0 = -196*l + 207*l + 11. Let o(q) = 3*q**2 + q + 1. Let j be o(-1). What are the prime factors of 1/((l/j)/(-30 + -8))?
2, 3, 19
Let u = -7405 + 13305. List the prime factors of (u/(-250))/(2/(-10)).
2, 59
Suppose -4*b + 18*p - 14*p + 39008 = 0, -3*b + p + 29260 = 0. What are the prime factors of b?
2, 4877
Suppose 2*w = -0*w + z + 19, 0 = -5*w - 3*z + 20. Suppose w = -3*p - 5. What are the prime factors of (((-80)/(-6))/p)/(2/(-69))?
5, 23
Let y(b) = 150*b**2 - 67*b + 501. What are the prime factors of y(7)?
2, 3691
Let d(m) = -5*m - 40. Let v be d(-9). Suppose -20*g + 30 = -v*g. List the prime factors of (g/(-3))/((-18)/6453).
239
Let b(w) = -17*w - 17. Let y(v) = -4*v - 3*v + 2*v + 4*v - 2. Let g be y(2). What are the prime factors of b(g)?
3, 17
Let r(c) = 20*c**3 - 3*c**2 - 5*c + 13. Let k be r(3). Let z = k - 292. List the prime factors of z.
3, 73
Let c(j) = -71*j**3 + 156*j**2 + 963*j - 23. List the prime factors of c(-6).
109, 139
Let w be (48/(-36))/(1/(-3)). Suppose -5 - 5 = -w*t + 2*k, -4*t - 5*k = -31. Let o(u) = 8*u - 8. List the prime factors of o(t).
2, 3
Let l = 61 - 57. Suppose -c + 1 = i, 9*i + 13 = l*c + 4*i. What are the prime factors of (14/7)/(c/110)?
2, 5, 11
What are the prime factors of (6152 + -4)*(-48)/(-32)?
2, 3, 29, 53
Let y(x) = 2*x**3 + 18*x**2 + 7*x + 1. Let n be y(-7). Let t = 146 - n. List the prime factors of (8/t)/((-6)/366).
2, 61
Let k = -11979 + 18057. List the prime factors of k.
2, 3, 1013
Suppose 0 = 2*q - 4*a, -4*a - a = 0. Suppose -12*y - 1123 + 7255 = q. What are the prime factors of y?
7, 73
Let p(n) = 7*n - 56. Let l be p(9). Suppose -2430 = -2*m - l*m. List the prime factors of m.
2, 3, 5
Let q(l) = 18*l**2 + 20*l - 94. List the prime factors of q(-47).
2, 47, 103
Let c(w) = 2*w - 14. Let k be c(-4). Let m = -20 - k. Suppose z + 236 = 5*t, 3*t + m*t - 248 = -2*z. What are the prime factors of t?
2, 3
Suppose -17230 = 6919*s - 6921*s. What are the prime factors of s?
5, 1723
Suppose -37109 = -18*o + 57589. Suppose 94*r - 5*x - o = 90*r, 3*r - 3939 = -3*x. What are the prime factors of r?
2, 3, 73
Let c(r) be the second derivative of -r**3/6 + 65*r**2/2 - 215*r. List the prime factors of c(23).
2, 3, 7
Let v = -3449 + 5758. Suppose -13*x + v = -2163. What are the prime factors of x?
2, 43
Let i(o) = 16*o**2 + 13*o + 469. What are the prime factors of i(26)?
59, 197
Suppose 17*z - 23*z = -20766. What are the prime factors of z?
3461
Let k = 69563 + 4029. What are the prime factors of k?
2, 9199
Let h = -2101 + 887. Let t = h - -1847. List the prime factors of t.
3, 211
Let k(z) = 8511*z - 1645. What are the prime factors of k(11)?
2, 11497
Suppose -3*p = 15, -49 - 93 = -g - 4*p. Let l be 52/8*4/13*1. Suppose -3*v + 5*i = -293, -3*i + g = 2*v + l*i. What are the prime factors of v?
7, 13
Suppose 0 = -5*z - 5*y + 402645, -71*z + 66*z = 4*y - 402638. What are the prime factors of z?
2, 13, 19, 163
Let a = 19 + -3. Suppose z + 3*z - 864 = -5*u, -a = -4*u. What are the prime factors of z?
211
Let x(a) = -1 - 7 + 45*a - 3 - 1. Suppose -35 = -4*q + 86*l - 91*l, 0 = -q - 4*l + 17. What are the prime factors of x(q)?
3, 71
Let a = -798 + -1102. Let m = 3257 + a. List the prime factors of m.
23, 59
List the prime factors of 6/(-27) - ((-1684618)/(-702))/(2/(-6)).
23, 313
Let x(m) = -m - 32. Let y be x(10). Let a be 2 + 2950/14 + (-12)/y. Suppose 117 = 6*g - a. List the prime factors of g.
5, 11
List the prime factors of (6/3)/(15*(-26)/(-14274780)).
2, 18301
List the prime factors of (1/((-8)/4938))/(19*(-39)/2964).
3, 823
Suppose -32806 = -3*l + 5*j, -64*j + 59*j + 32816 = 3*l. What are the prime factors of l?
10937
Let i(r) = 2*r**2 + 7*r - 17. Let b be i(4). Let a = 43 - b. Suppose -4*j - 132 = 2*z - 5*z, -4*j = a. List the prime factors of z.
2, 11
Let t be ((-22 - -7)/45)/(1/(-162)). Let q(h) = 5*h**2 + 4*h + 1. Let l be q(-4). Let s = l - t. What are the prime factors of s?
11
Let o = 8651 - -2360. What are the prime factors of o?
7, 11, 13
Let u be 10 + (132/(-10) - (-30)/150). Let g be (-148)/(-10) + 1/5. What are the prime factors of u + 2 + 131 + g?
5, 29
Suppose 8 = 4*z, 0*j - j = -z - 2. Suppose j*s - 4*a = 576, -s - 5*a = -9 - 129. What are the prime factors of (s/44)/(2/32)?
2, 13
Let y(g) = -10*g**3 - g**2 - 297*g - 2060. What are the prime factors of y(-7)?
2, 5, 17
Let f = 35389 - 24913. List the prime factors of f.
2, 3, 97
Let c be ((-21)/(-49) - 23/21)*21. Let d be (-2*(-97)/(-1))/(c/14). Suppose -809 = -4*p - a, 2*p - 2*a - d - 218 = 0. List the prime factors of p.
7, 29
Suppose 5*w - 3*c = 2*w + 39, 0 = -4*w - 5*c + 25. Suppose 0 = -w*b + 11682 + 4928. What are the prime factors of b?
11, 151
Suppose 3*j = a - 1133, 0 = 14*j - 10*j - 16. What are the prime factors of a?
5, 229
Let f = 2192 + -640. What are the prime factors of f?
2, 97
Let y(z) = -6*z**2 - 59*z**3 + 180*z**3 + 7*z - 61*z**3 - 61*z**3 - 13. Let j = -19 + 11. What are the prime factors of y(j)?
59
Let v be 14/(-63) + -87*(-3)/81. Let m be (0/2 + -1)*-2. Suppose 64 = -m*b + v*b. What are the prime factors of b?
2
Let o = 41464 + -21329. List the prime factors of o.
5, 4027
Suppose 0*w + w + 3*g - 215 = 0, 5*w - 1125 = -5*g. Suppose 0 = -15*m - w + 1670. What are the prime factors of m?
2, 3
Let o(f) = 30